 + 9. Is n(-12) a composite number?
False
Is (-6598)/(-6)*3*5/5 a composite number?
False
Suppose r - 1 = 2*b, 3*r + 3*b + 22 - 7 = 0. Is r*((-19384)/6)/4 composite?
False
Let g(y) = -8356*y - 1317. Is g(-11) a prime number?
True
Let f(k) = 546*k**3 - k**2. Let s be f(-1). Let w be (-1 - 1)/((-2)/s). Is w/(-6) + (-4)/24 a prime number?
False
Suppose 2*g + 3*d = 940 + 7482, 2*g + d = 8422. Is g a prime number?
True
Is -3 + ((-386400)/(-6))/5 prime?
False
Let x be (-1)/3 + 10610/15. Suppose -166 = m - x. Is m composite?
False
Let a = -39 - -27. Let c = a - -14. Suppose 2*f + c*o - 954 = 0, -6*f + 2389 = -f + 3*o. Is f prime?
True
Let w be 6*((-1)/9)/((-28)/126). Is -14 + 280 - w/(1 + 0) composite?
False
Let o(f) = 1658*f**2 - 21*f - 22. Is o(-1) composite?
False
Let j be 0 - 3 - -2*(7 + -5). Is (7 - 7) + 198 + j composite?
False
Let r = -7 - -10. Let s(n) = 7 + 2*n**3 + 3 + 9*n**2 + 2*n**3 - r*n - 3*n**3. Is s(-9) a composite number?
False
Suppose -2*o + 2*k = -155700, 5*k = -o + 7774 + 70094. Is o a prime number?
False
Suppose 2*r - 322 = 4*d, -2*r = r + 9. Let f = d - -96. Is f a composite number?
True
Let c(w) = -200*w - 47. Let n be c(-6). Suppose n + 582 = 5*y. Is y a prime number?
True
Suppose 11028 = 4*o - 58964. Suppose 13278 = g + 5*v, -2*g + v + 9091 = -o. Is g/105 + (-4)/(-10) composite?
False
Let s = -1 + 1. Suppose -i = 2*a - 0*a - 34, s = -5*a + 4*i + 111. Is (a/(-3))/(2/(-138)) a prime number?
False
Let n = 5 - 0. Suppose 2*i - 2*x = 14, -n*i + 2*x = 4*x - 28. Suppose -f = i - 27. Is f a composite number?
True
Suppose 0 = -2*b + 5*b + 24. Let o = 18 - b. Is o composite?
True
Let z = -425 + 661. Let w(c) = -c**3 - 9*c**2 + 9*c + 16. Let h be w(-11). Suppose 0 = 3*a - j - z, -h = -3*a - j + 67. Is a prime?
False
Suppose 53*k - 55*k = -32662. Suppose 15*d = 8*d + k. Is d a prime number?
True
Is -61 + 254 - 1*(1 - 2) a composite number?
True
Is (-30)/(-3)*38244/24 a composite number?
True
Is (79411 - -15) + -18 + 2 + 1 prime?
True
Let f(p) = -2*p**3 - 5*p**2 - 4*p - 1. Let k be f(-3). Let s be 48/k + (-4)/10. Is (993/(-6))/(s/(-4)) a composite number?
False
Is 7792 + 28/2 + 0 + 1 a prime number?
False
Let d = -11 + 21. Suppose 7*u - 411 = d*u. Let p = u - -316. Is p a composite number?
False
Suppose 19*f = 16*f + 8835. Let d = f + -512. Is d a composite number?
True
Suppose 5*p = 2*z - 7*z + 15, -2*p = 5*z - 9. Let a(b) = 8 + 3*b + 0 + p*b. Is a(9) a prime number?
True
Suppose 0 = 5*x + f - 4*f - 207, 209 = 5*x - f. Let z = -84 + x. Let w = 73 - z. Is w a prime number?
False
Let c = 7153 - 4980. Is c prime?
False
Is ((-54)/(-108))/((-2)/(-10424)) composite?
True
Suppose 20*j - 1577501 = 670439. Is j prime?
True
Suppose 127410 = -38*j + 529792. Is j prime?
True
Let l be 18/4 + (-14)/28. Suppose 0 = -3*w - n - 0 + 4, 3*n - 12 = l*w. Suppose -5*g + 3*g + 286 = w. Is g composite?
True
Let y(p) be the second derivative of p**4/6 + 3*p**3/2 + 21*p**2/2 - 6*p. Let k be y(14). Suppose r - k = -198. Is r composite?
True
Suppose 0 - 8 = j - 3*m, 2*j + 12 = 4*m. Is -2*194/j - 3 composite?
False
Let w(j) = -j**3 - 12*j**2 - 19*j + 12. Let q be w(-10). Let g(r) = 4*r**2 + 3*r + 3. Let k be g(5). Suppose -416 = -q*v - k. Is v a composite number?
False
Suppose -g - 795 = 3065. Is 2/6*(-1 + g/(-5)) a prime number?
True
Suppose 8*h = 16*h - 69128. Is h a composite number?
False
Suppose -2*l - 5*v + 4707 = 0, 2*l + l = -v + 7080. Is l a prime number?
False
Let r = -147 + 150. Suppose j = 3, 2*t + r*j = -2*t + 517. Is t a composite number?
False
Let r(d) be the third derivative of d**6/120 + 7*d**5/30 + 7*d**4/24 - 11*d**3/6 - 9*d**2. Is r(-9) composite?
False
Let r(s) = s**3 - 4*s**2 + s + 2. Let f be r(1). Suppose 3*o - 4737 - 3846 = f. Is o composite?
False
Suppose 72*n = -590552 + 2438288. Is n composite?
True
Let s(j) = j**3 - 7*j**2 + 8*j - 3. Let m be s(5). Let f(h) = 4*h**2 + 22*h - 17. Is f(m) a prime number?
True
Let b = -26 - -37. Suppose b*n - 6*n = 2395. Is n a composite number?
False
Let f be ((-12)/5)/((-116)/870). Let t be (-3)/(2/(-4)*-3). Is (585/f)/(t/(-4)) composite?
True
Suppose 5*c = -u - 55, 2*u - 4*u = -2*c + 50. Let z be 12/u + 5472/5. Suppose -3*r = -4*b + 2192, 2*b - 4*b = -2*r - z. Is b a prime number?
False
Let h(g) = 314*g**2 + 10*g - 407. Is h(15) prime?
True
Is -3 - (-6 - 16680 - -10) composite?
False
Suppose -6*h = -4*h - 6. Suppose h*y - 651 = 1746. Is y composite?
True
Suppose -3*m = -0*m - 2409. Let t = -363 + m. Suppose -195 = -5*b + t. Is b a prime number?
True
Is (-84140)/(-24) - (245/42 - 6) a prime number?
False
Suppose 0 = y + 5*g - 4, -2*g + g = 0. Suppose -r - 4*h = 2, 0 = -2*r + y*h + 17 + 3. Is 357/r + 1/(-2) a prime number?
True
Suppose -h + 2*w = -5 - 0, 4*h - 20 = w. Let q = 2373 - 1483. Suppose -q = -h*a + 165. Is a prime?
True
Let h = 2069 - 360. Is h a prime number?
True
Suppose -3 = 3*w - 9. Let h(d) = 7*d**2 + 3*d - 1. Let c(z) = -z**2 + z. Let j(u) = -3*c(u) + h(u). Is j(w) a prime number?
False
Let r(i) = -49*i - 5. Let t be r(-4). Let k be 2886/(-45) + (-8)/(-60). Let p = t + k. Is p prime?
True
Let i be (10/4)/((-75)/(-60)). Suppose -i*d = 3*u - u - 320, 0 = -2*u + 3*d + 325. Is u a composite number?
True
Let h = 30282 - 14153. Is h a composite number?
True
Suppose 0*w - 3910 = -2*g + 3*w, 4*g - w = 7800. Is g composite?
False
Let l(f) = -444*f - 17. Is l(-5) a prime number?
True
Let i be (-12)/8 - 107/2. Let x = 19 - i. Is x a prime number?
False
Suppose 5 = 8*l - 7*l. Suppose -182 = l*k - 472. Is k a prime number?
False
Suppose -q - 238 = -15*q. Suppose -q*i = -31007 - 25586. Is i a composite number?
False
Suppose 0 = 5*q + 573 - 2433. Let g = 1414 - q. Is g a prime number?
False
Suppose -4*n + 3*j = 114, -2*n - 2*j = 2*j + 68. Suppose 0 = -2*u - z + 527 + 706, -u = -5*z - 622. Let r = n + u. Is r prime?
True
Let w(q) = 7*q**2 - 10*q - 4. Let i be w(-8). Suppose -4*a + i = -0*a + 4*y, 5*y = 4*a - 524. Is a a composite number?
False
Let f(s) = -s**2 + 2*s + 27. Let n(d) = 2*d**2 - 3*d - 28. Let q(x) = 5*f(x) + 4*n(x). Is q(-6) a composite number?
True
Let u = 3 + -1. Let b(o) = 432*o - 76. Let g(x) = -108*x + 19. Let y(a) = u*b(a) + 9*g(a). Is y(-6) prime?
False
Let w(i) = 36*i**2 - 37*i - 36. Is w(-1) a prime number?
True
Let g = 21179 - -16512. Is g a composite number?
False
Let w(h) be the first derivative of -231*h**2/2 + h - 2. Let n be w(-4). Let k = n - 632. Is k a prime number?
True
Let j = -117 + 123. Let d = 94 - -692. Is ((-4)/j)/((-4)/d) prime?
True
Let c(g) be the first derivative of g**4 - g**3 + g**2 + 3*g + 2. Let k be c(5). Let s = -239 + k. Is s a composite number?
False
Suppose -173 - 167 = l. Let m = l - -558. Is m composite?
True
Suppose -7*z - 3 = -8*z. Is 24 + 3135 + (-1 - z) a prime number?
False
Suppose 5*k + 8476 = s, -44393 = -5*s + 2*k - 1898. Is s composite?
False
Let m = 2 + 324. Is m prime?
False
Let z be -4 - 172*87/(-2). Suppose 4*r - 5*s = z, -3*r + 4*s = 2*r - 9343. Is r prime?
True
Let j(t) be the second derivative of -7*t**3/2 + 5*t**2/2 + t. Let f be j(-5). Suppose 2*z - f = 296. Is z a composite number?
True
Let w = -28 + 30. Suppose o = w*o - 2. Suppose 0 = l + 3*h - 134, 7*h = o*h - 25. Is l prime?
True
Let i be 64/(-10) - 16/(-40). Let t(c) = -59*c + 19. Is t(i) a composite number?
False
Let p(t) = 15 + 10 + 7*t - 32. Let c be p(-10). Let y = 148 + c. Is y a composite number?
False
Suppose 5*x + 3*q - 52 = 8, 4*q - 20 = 0. Suppose -2*a + x*a + 35 = 0. Is (-1)/a - (-2488)/10 prime?
False
Suppose 0*f = 4*f + 4*b - 12432, 3*b = -2*f + 6215. Is f composite?
False
Let v be (-8)/(-4) + 398 + -1. Let c = v + -268. Is c prime?
True
Let x be 1/(-2*(-3)/72). Let s = 14 - x. Suppose s*g + 2*g = 328. Is g composite?
True
Let o = -46 + 46. Suppose 3*i + 7*q - 2*q - 1241 = 0, o = -5*q - 25. Is i composite?
True
Suppose 56*i + 26110 = 66*i. Is i prime?
False
Suppose 0 = -8*s - 15 + 143. Let p = s - -241. Is p composite?
False
Let t(l) = l**3 - l - 3. Let c be t(0). Let x be 3/(0 + -3)*c. Suppose 0 = x*g - 15 - 42. Is g composite?
False
Let n(z) = -2 - 167*z**2 + 167*z**2 - 2*z - 10*z**3. Is n(-2) composite?
True
Let t = 12 + -7. Let s(r) = -5 - t + 11 + 5*r. Is s(6) a composite number?
False
Let z(t) = t**3 + 7*t**2 - 6*t + 4. Let a(q) = -q. Let k(o) = 2*a(o) + z(